{"id":164,"date":"2022-12-21T15:36:57","date_gmt":"2022-12-21T15:36:57","guid":{"rendered":"https:\/\/fundacja-annadobrska.pl\/?page_id=164"},"modified":"2022-12-30T09:52:53","modified_gmt":"2022-12-30T09:52:53","slug":"misja-fundacji","status":"publish","type":"page","link":"https:\/\/fundacja-annadobrska.pl\/index.php\/misja-fundacji\/","title":{"rendered":"Misja Fundacji"},"content":{"rendered":"\n<figure class=\"wp-block-image aligncenter size-large\"><img loading=\"lazy\" decoding=\"async\" width=\"1024\" height=\"638\" src=\"https:\/\/fundacja-annadobrska.pl\/wp-content\/uploads\/2022\/12\/Obszar-roboczy-1@4x-1024x638.jpg\" alt=\"\" class=\"wp-image-322\" srcset=\"https:\/\/fundacja-annadobrska.pl\/wp-content\/uploads\/2022\/12\/Obszar-roboczy-1@4x-1024x638.jpg 1024w, https:\/\/fundacja-annadobrska.pl\/wp-content\/uploads\/2022\/12\/Obszar-roboczy-1@4x-300x187.jpg 300w, https:\/\/fundacja-annadobrska.pl\/wp-content\/uploads\/2022\/12\/Obszar-roboczy-1@4x-768x479.jpg 768w, https:\/\/fundacja-annadobrska.pl\/wp-content\/uploads\/2022\/12\/Obszar-roboczy-1@4x.jpg 1514w\" sizes=\"auto, (max-width: 1024px) 100vw, 1024px\" \/><\/figure>\n\n\n\n<p style=\"font-size:17px\">Misj\u0105 Fundacji im. Anny Tomaszewicz \u2013 Dobrskiej jest edukacja spo\u0142ecze\u0144stwa w kierunku poprawy jako\u015bci \u017cycia, a w konsekwencji zwi\u0119kszenia \u015bwiadomo\u015bci z zakresu dost\u0119pnych nam medycznych \u015brodk\u00f3w pomocy. Ponadto, Fundacja d\u0105\u017cy do stworzenia p\u0142ynnej komunikacji pomi\u0119dzy osobami w potrzebie, a o\u015brodkami i instytucjami \u015bwiadcz\u0105cymi pomoc medyczn\u0105. Chcemy przeciwdzia\u0142a\u0107 tak\u017ce r\u00f3\u017cnym formom wykluczenia spo\u0142ecznego. Planujemy r\u00f3wnie\u017c projekty i organizacj\u0119 szkole\u0144 oraz warsztat\u00f3w prozdrowotnych w r\u00f3\u017cnych grupach spo\u0142ecznych.&nbsp;&nbsp;<\/p>\n\n\n\n<p style=\"font-size:17px\">Poprzez tworzenie nowych projekt\u00f3w i nawi\u0105zywaniu wsp\u00f3\u0142prac z fundacjami z ca\u0142ego \u015bwiata chcemy aby polskie \u015brodowisko medyczne mia\u0142o nie tylko najlepsze \u017ar\u00f3d\u0142a informacji, ale r\u00f3wnie\u017c mo\u017cliwo\u015b\u0107 dzielenia si\u0119 uzyskan\u0105 wiedz\u0105 poprzez organizowane przez Fundacj\u0119 szkolenia i warsztaty tworzone w plac\u00f3wkach medycznych i o\u015bwiatowych.<\/p>\n\n\n\n<p class=\"has-text-align-center\"><strong>G\u0141\u00d3WNE CELE FUNDACJI:<\/strong><\/p>\n\n\n\n<p><\/p>\n\n\n\n<ol class=\"wp-block-list\">\n<li>UPOWSZECHNIANIE OSI\u0104GNI\u0118\u0106 NAUK MEDYCZNYCH W KRAJU I ZA GRANIC\u0104 ORAZ POPULARYZACJA OSI\u0104GNI\u0118\u0106 WSP\u00d3\u0141CZESNEJ MEDYCYNY, FARMACJI I REHABILITACJI<\/li>\n\n\n\n<li>WSPIERANIE I PODEJMOWANIE INICJATYW NA RZECZ ROZWOJU NAUK MEDYCZNYCH, PROFILAKTYKI ORAZ AKTYWNO\u015aCI PROZDROWOTNEJ POMI\u0118DZY POLSK\u0104 A KRAJAMI, Z KT\u00d3RYMI WSP\u00d3\u0141PRACUJE FUNDACJA,<\/li>\n\n\n\n<li>PROMOWANIE DZIA\u0141A\u0143 NA RZECZ AKTYWNO\u015aCI FIZYCZNEJ, SPORTU, REKREACJI W EUROPIE ORAZ W KRAJACH OBJ\u0118TYCH DZIA\u0141ANIAMI FUNDACJI, A W SZCZEG\u00d3LNO\u015aCI PROPAGOWANIE FORM AKTYWNO\u015aCI PROZDROWOTNEJ,<\/li>\n\n\n\n<li>UCZESTNICTWO W KONFERENCJACH, SEMINARIACH, ZJAZDACH NAUKOWYCH, KURSACH, SZKOLENIACH, I WARSZTATACH ZWI\u0104ZANYCH Z OCHRON\u0104 ZDROWIA ORAZ PROMOWANIE FORM KSZTA\u0141CENIA I EDUKACJI ZDROWOTNEJ I MEDYCZNEJ Z KRAJ\u00d3W OBJ\u0118TYCH WSP\u00d3\u0141PRAC\u0104,<\/li>\n\n\n\n<li>PODEJMOWANIE INICJATYW NA RZECZ ROZWOJU WYMIANY DO\u015aWIADCZENIA ORAZ PROPAGOWANIE ROZWOJU NAUK MEDYCZNYCH SZCZEG\u00d3LNIE W KRAJACH UNII EUROPEJSKIEJ I W KRAJACH KANDYDUJ\u0104CYCH DO UE,<\/li>\n\n\n\n<li>ROZPOWSZECHNIANIE OSI\u0104GNI\u0118\u0106 DZIA\u0141ALNO\u015aCI NAUKOWO-BADAWCZEJ W ZAKRESIE NAUK MEDYCZNYCH I OCHRONY ZDROWIA ORAZ NAUKI O KULTURZE FIZYCZNEJ W POLSCE I W KRAJACH OBJ\u0118TYCH WSP\u00d3\u0141PRAC\u0104,<\/li>\n\n\n\n<li>PROWADZENIE DZIA\u0141ALNO\u015aCI WYDAWNICZEJ, REKLAMOWEJ I EDUKACYJNEJ DEDYKOWANEJ OCHRONIE ZDROWIA I NOWOCZESNYM METODOM LECZENIA ORAZ PROPAGOWANIU SPORTU I EKOLOGII,<\/li>\n\n\n\n<li>PODEJMOWANIE DZIA\u0141A\u0143 NA RZECZ EDUKACJI PROFILAKTYKI ZDROWOTNEJ I AKTYWNO\u015aCI FIZYCZNEJ W\u015aR\u00d3D M\u0141ODZIE\u017bY I INNYCH GRUP SPO\u0141ECZNYCH<\/li>\n\n\n\n<li>PROJEKTY INFORMACYJNE ORAZ AKCJE PROPAGOWANIA IDEI OCHRONY ZDROWIA POPRZEZ ZDROWY TRYB \u017bYCIA I OCHRON\u0118 \u015aRODOWISKA NATURALNEGO,<\/li>\n\n\n\n<li>WSPIERANIE MI\u0118DZYNARODOWEJ WSP\u00d3\u0141PRACY MEDYCZNEJ I ROZWOJU BADA\u0143 MEDYCZNYCH W POLSCE ORAZ KRAJACH OBJ\u0118TYCH DZIA\u0141ANIEM FUNDACJI,<\/li>\n\n\n\n<li>UPOWSZECHNIANIE ZASAD PRAW PACJENTA SZPITALI, PRZYCHODNI I INSTYTUCJI MEDYCZNYCH,<\/li>\n\n\n\n<li>DZIA\u0141ANIA NA RZECZ POPULARYZACJI BADA\u0143 PROFILAKTYCZNYCH W R\u00d3\u017bNYCH GRUPACH SPO\u0141ECZNYCH I WIEKOWYCH,<\/li>\n\n\n\n<li>DZIA\u0141ANIA NA RZECZ ZWI\u0118KSZENIA DOST\u0118PNO\u015aCI DO NAJNOWSZYCH OSI\u0104GNI\u0118\u0106 MEDYCZNYCH POPRZEZ ICH POPULARYZACJ\u0118 W \u015aRODOWISKU MEDYCZNYCH, W KRAJACH OBJ\u0118TYCH WSP\u00d3\u0141PRAC\u0104,<\/li>\n\n\n\n<li>DZIA\u0141ANIA NA RZECZ LEPSZEJ DOST\u0118PNO\u015aCI BADA\u0143 MEDYCZNYCH, PROFILAKTYKI MEDYCZNEJ W GRUPACH ZAGRO\u017bONYCH WYKLUCZENIEM SPO\u0141ECZNYM,<\/li>\n\n\n\n<li>PROMOCJA PODSTAWOWEJ EDUKACJI MEDYCZNEJ, ZASAD PROFILAKTYKI I REHABILITACJI W\u015aR\u00d3D SPO\u0141ECZE\u0143STWA POLSKIEGO., WYMIANA DO\u015aWIADCZE\u0143 TYM ZAKRESIE Z INNYMI KRAJAMI,<\/li>\n\n\n\n<li>DZIA\u0141ANIA NA RZECZ ROZWOJU TURYSTYKI PROZDROWOTNEJ ORAZ R\u00d3\u017bNYCH FORM SPORTU DLA WSZYSTKICH GRUP SPO\u0141ECZNYCH I WIEKOWYCH,<\/li>\n\n\n\n<li>REALIZACJA KAMPANII SPO\u0141ECZNYCH W ZAKRESIE OCHRONY ZDROWIA, SPORTU, ZDROWEGO TRYBU \u017bYCIA I NOWOCZESNYCH METOD LECZENIA,<\/li>\n\n\n\n<li>PROMOCJA NOWYCH TECHNOLOGII W EDUKACJI MEDYCZNEJ ORAZ EUROPEJSKICH I \u015aWIATOWYCH BADA\u0143 I PUBLIKACJI MEDYCZNYCH,<\/li>\n\n\n\n<li>WSP\u00d3\u0141PRACA Z DOMAMI OPIEKI SPO\u0141ECZNEJ, WARSZTATAMI TERAPII ZAJ\u0118CIOWEJ, SP\u00d3\u0141DZIELNIAMI SOCJALNYMI W CELU DOSKONALENIA METOD OPIEKI NAD ICH PODOPIECZNYMI ORAZ ZAKRESIE EDUKACJI ZDROWOTNEJ I FIZYCZNEJ,<\/li>\n\n\n\n<li>PROMOCJA OCHRONY ZDROWIA, REHABILITACJI I SPORTU W ZAKRESIE SFERY ZADA\u0143 PUBLICZNYCH,<\/li>\n\n\n\n<li>ORGANIZOWANIE KONFERENCJI, SZKOLE\u0143 I WARSZTAT\u00d3W ZWI\u0104ZANYCH TEMATYCZNIE Z NAUKAMI MEDYCZNYMI ORAZ OCHRON\u0104 ZDROWIA I REHABILITACJ\u0104, A TAK\u017bE KULTUR\u0104 FIZYCZN\u0104,<\/li>\n\n\n\n<li>PROPAGOWANIE EKOLOGII I OCHRONY \u015aRODOWISKA JAKO WA\u017bNEGO CZYNNIKA WP\u0141YWAJ\u0104CEGO NA STAN ZDROWIA W SPO\u0141ECZE\u0143STWACH,<\/li>\n\n\n\n<li>PROMOCJA TURYSTYKI PROZDROWOTNEJ I FORM AKTYWNO\u015aCI FIZYCZNEJ, KT\u00d3RE S\u0141U\u017b\u0104 ZDROWIU.<\/li>\n<\/ol>\n","protected":false},"excerpt":{"rendered":"<p>Misj\u0105 Fundacji im. Anny Tomaszewicz \u2013 Dobrskiej jest edukacja spo\u0142ecze\u0144stwa w kierunku poprawy jako\u015bci \u017cycia, a w konsekwencji zwi\u0119kszenia \u015bwiadomo\u015bci z zakresu dost\u0119pnych nam medycznych \u015brodk\u00f3w pomocy. Ponadto, Fundacja d\u0105\u017cy do stworzenia p\u0142ynnej komunikacji pomi\u0119dzy osobami w potrzebie, a o\u015brodkami i instytucjami \u015bwiadcz\u0105cymi pomoc medyczn\u0105. Chcemy przeciwdzia\u0142a\u0107 tak\u017ce r\u00f3\u017cnym formom wykluczenia spo\u0142ecznego. Planujemy r\u00f3wnie\u017c projekty [&hellip;]<\/p>\n","protected":false},"author":1,"featured_media":0,"parent":0,"menu_order":0,"comment_status":"closed","ping_status":"closed","template":"","meta":{"footnotes":""},"class_list":["post-164","page","type-page","status-publish","hentry"],"_links":{"self":[{"href":"https:\/\/fundacja-annadobrska.pl\/index.php\/wp-json\/wp\/v2\/pages\/164","targetHints":{"allow":["GET"]}}],"collection":[{"href":"https:\/\/fundacja-annadobrska.pl\/index.php\/wp-json\/wp\/v2\/pages"}],"about":[{"href":"https:\/\/fundacja-annadobrska.pl\/index.php\/wp-json\/wp\/v2\/types\/page"}],"author":[{"embeddable":true,"href":"https:\/\/fundacja-annadobrska.pl\/index.php\/wp-json\/wp\/v2\/users\/1"}],"replies":[{"embeddable":true,"href":"https:\/\/fundacja-annadobrska.pl\/index.php\/wp-json\/wp\/v2\/comments?post=164"}],"version-history":[{"count":10,"href":"https:\/\/fundacja-annadobrska.pl\/index.php\/wp-json\/wp\/v2\/pages\/164\/revisions"}],"predecessor-version":[{"id":331,"href":"https:\/\/fundacja-annadobrska.pl\/index.php\/wp-json\/wp\/v2\/pages\/164\/revisions\/331"}],"wp:attachment":[{"href":"https:\/\/fundacja-annadobrska.pl\/index.php\/wp-json\/wp\/v2\/media?parent=164"}],"curies":[{"name":"wp","href":"https:\/\/api.w.org\/{rel}","templated":true}]}}